
In base 8, what is -1 + 20400732?
20400731
In base 5, what is 2 - 3123340104?
-3123340102
In base 15, what is 2b7b9 + 63?
2b82c
In base 7, what is -42511 + -3656?
-46500
In base 10, what is -33 + 1149713?
1149680
In base 10, what is 26735551 + -11?
26735540
In base 14, what is 1b8390 + 4b?
1b83db
In base 15, what is 1e77beb2 - -1?
1e77beb3
In base 13, what is -19 - -366422?
366406
In base 4, what is -311013000131133 - -1?
-311013000131132
In base 8, what is -2151623351 - -3?
-2151623346
In base 10, what is 8424 + 121640?
130064
In base 14, what is 380a1 + -bd?
37dc2
In base 15, what is 9 + -e4ad589?
-e4ad580
In base 9, what is 457 + 641076?
641544
In base 10, what is -11 - 1865024?
-1865035
In base 16, what is 10d804 + 6?
10d80a
In base 15, what is -1153 + -130?
-1283
In base 8, what is -5 - 43640005?
-43640012
In base 7, what is -220514 - -41213?
-146301
In base 12, what is -10322 + -15a?
-10480
In base 6, what is -25204244 + 321?
-25203523
In base 5, what is 24210 - 20324022?
-20244312
In base 11, what is 16749264 + 6?
1674926a
In base 12, what is -6 - 1463b73?
-1463b79
In base 8, what is 5310 - 54252?
-46742
In base 6, what is 1044 + -3430453?
-3425405
In base 13, what is -15 - 817ca5?
-817cba
In base 16, what is -103bd + -1707?
-11ac4
In base 3, what is 12 - -12022200122101220?
12022200122102002
In base 7, what is -3 + -36421424?
-36421430
In base 15, what is 7db7325 - -4?
7db7329
In base 9, what is 5 - 1584170?
-1584164
In base 6, what is -1445141 - -1225?
-1443512
In base 3, what is -1001 - -11001022100010?
11001022022002
In base 14, what is 1 - -1ad03702?
1ad03703
In base 15, what is -62 - 409?
-46b
In base 15, what is -e2 + c34e?
c25c
In base 2, what is -10110111011110010001101100010 + 100?
-10110111011110010001101011110
In base 10, what is -788054 - -2?
-788052
In base 12, what is -531b98 + 1?
-531b97
In base 8, what is 1035734327 + -4?
1035734323
In base 11, what is 304586a1 + -8?
30458694
In base 5, what is -3 - 4103312400?
-4103312403
In base 13, what is 9 + -30756a?
-307561
In base 11, what is -10874 - -727?
-10148
In base 3, what is -12100011011 - -2112?
-12100001122
In base 13, what is -113572a + -3?
-1135730
In base 4, what is -1100122302 - -1001?
-1100121301
In base 2, what is -10 + 1000110001010100100011?
1000110001010100100001
In base 13, what is 7ac3 + -68?
7a58
In base 6, what is 2 - -20133445455?
20133445501
In base 13, what is 1597507 + -13?
15974c4
In base 9, what is -4 - 13150366?
-13150371
In base 7, what is -1 + -23243343?
-23243344
In base 2, what is -1110 - 111101010110101110111011?
-111101010110101111001001
In base 4, what is -12000213 + 22211301?
10211022
In base 2, what is 1100111001010 - -10101011000?
1111100100010
In base 8, what is -12463 - -37544?
25061
In base 12, what is a84693 - -3?
a84696
In base 12, what is -7340 - 5a4?
-7924
In base 7, what is 1 - -3511020?
3511021
In base 3, what is -22111 + 12221020202?
12220221021
In base 16, what is -268bb72 - 2?
-268bb74
In base 4, what is 11 - -211300330223?
211300330300
In base 9, what is -187 + -246544?
-246742
In base 11, what is 117160a + -48?
1171572
In base 15, what is 17 - -1eb9d?
1ebb5
In base 2, what is 1 - -10001010111111110111110110010?
10001010111111110111110110011
In base 2, what is -1000000001111110100010 - -111010011?
-1000000001110111001111
In base 14, what is -1097c + -47a?
-11018
In base 15, what is -569 - -4644?
40ca
In base 12, what is -5 + 19b19a0b?
19b19a06
In base 12, what is 218ba0 + -2?
218b9a
In base 6, what is 3 - 3333054415?
-3333054412
In base 13, what is b4 - -181b4c?
181c33
In base 13, what is -4 - -98c6c6a?
98c6c66
In base 13, what is 1 + 82b2543?
82b2544
In base 4, what is 1123130200 + 221213?
1130012013
In base 6, what is 2 - -10140422?
10140424
In base 3, what is -12212 - 122120220?
-122210202
In base 2, what is 101001000001110001101 - 1001111?
101001000001100111110
In base 10, what is 19 - 1624781?
-1624762
In base 3, what is -100211002110 - -122?
-100211001211
In base 15, what is 485e1 - 19?
485c7
In base 14, what is -24bc + -26c?
-274a
In base 4, what is -202 + -1322221210?
-1322222012
In base 13, what is -2 - -8530878?
8530876
In base 13, what is -1573926 - 3?
-1573929
In base 7, what is 4 + -146261354?
-146261350
In base 3, what is -220002 - -10011200002?
10010210000
In base 14, what is -4 - -97ac2a?
97ac26
In base 14, what is -4 + 33c303?
33c2dd
In base 7, what is 0 - -1146123?
1146123
In base 9, what is -46533375 + -8?
-46533384
In base 5, what is -10430 - 241403?
-302333
In base 12, what is 1 - -b05212?
b05213
In base 11, what is -10 + 4469019a?
4469018a
In base 15, what is -938 - -3235?
27ec
In base 3, what is -1002201222 + 200000?
-1002001222
In base 7, what is 1461313132 + 1?
1461313133
In base 14, what is 69d419 + -1?
69d418
In base 9, what is -3420826 + 2?
-3420824
In base 15, what is -44 + -a2ae?
-a303
In base 2, what is -100 - -100100010111101000000?
100100010111100111100
In base 12, what is 119634 - -19b7?
11b42b
In base 4, what is 23100202 + -300102?
22200100
In base 8, what is -4 - -31366360?
31366354
In base 10, what is 103 - -1154862?
1154965
In base 11, what is -4 + 156790?
156787
In base 2, what is 101101010000111001111 + 11?
101101010000111010010
In base 14, what is -91d8 + 18b9?
-771d
In base 7, what is -21 - -5001403?
5001352
In base 13, what is -3 + -631594?
-631597
In base 14, what is 1885d - -8d?
1890c
In base 8, what is 12 - 473345102?
-473345070
In base 12, what is 917a - -6227?
133a5
In base 15, what is 3c + 20b6?
2103
In base 2, what is -1101111 + -11111011110000000?
-11111011111101111
In base 2, what is -100010001111010110 + -1011100100?
-100010011010111010
In base 10, what is -49427 - -38?
-49389
In base 8, what is 31050 + 2552?
33622
In base 6, what is -25554 - 1435?
-31433
In base 9, what is -24 - 4210365?
-4210400
In base 7, what is 2144060 - -124?
2144214
In base 6, what is -43341105242 - 5?
-43341105251
In base 11, what is 10 + a4a871?
a4a881
In base 6, what is 211221310 + -125?
211221141
In base 16, what is -66e9 + -6ab?
-6d94
In base 16, what is 201 - 24a74?
-24873
In base 7, what is -3645013 + -1?
-3645014
In base 6, what is -1 + 1234122?
1234121
In base 12, what is 3 + 218baa2?
218baa5
In base 11, what is -2 - -115587?
115585
In base 10, what is 104014510 - 1?
104014509
In base 12, what is -3 - -a22849b?
a228498
In base 9, what is 1320770 + 4?
1320774
In base 12, what is -a0 + 7714?
7634
In base 4, what is 2 + 3110202223?
3110202231
In base 10, what is -3030 + -3713?
-6743
In base 4, what is -13222221000 + -111?
-13222221111
In base 4, what is -11112322121 + 1321?
-11112320200
In base 13, what is -b + -6cc6a14?
-6cc6a22
In base 11, what is -5 - -14498192?
14498188
In base 10, what is 16727067 + 0?
16727067
In base 4, what is 1 - 1232010113?
-1232010112
In base 11, what is -3 - 1351613a?
-13516142
In base 15, what is -5 - 863d02?
-863d07
In base 4, what is 112231202220 - 10?
112231202210
In base 2, what is -10011111100111010001111100001 + 1?
-10011111100111010001111100000
In base 13, what is -a7273 - -c?
-a7264
In base 14, what is cb329cb + 0?
cb329cb
In base 13, what is 4c5 + -68a?
-195
In base 4, what is 12 + -103123233233?
-103123233221
In base 2, what is -110010101001111001010010010 - -10?
-110010101001111001010010000
In base 13, what is -10 + 62c4989?
62c4979
In base 13, what is 9c62c + a8?
9c707
In base 13, what is 3 - -44b960?
44b963
In base 15, what is -12 + -66d6b7?
-66d6c9
In base 13, what is -109 + -462cb6?
-4630c2
In base 13, what is -46 + -3a2169?
-3a21b2
In base 6, what is -1000 - 13032205?
-13033205
In base 13, what is -82538c2 + 3?
-82538bc
In base 2, what is -100111010010 + 10010?
-100111000000
In base 11, what is 3 - -2a3282?
2a3285
In base 14, what is -48a7c8 - -4?
-48a7c4
In base 9, what is -1143 + -143648?
-144802
In base 6, what is 105342425 - -25?
105342454
In base 11, what is 1694a615 - 1?
1694a614
In base 10, what is 15 + 66061?
66076
In base 13, what is 42157a0b - -2?
42157a10
In base 11, what is 13 - -2496a00?
2496a13
In base 11, what is 4 + -872305?
-872301
In base 6, what is 134250051 - 3?
134250044
In base 12, what is -105b - -11894?
10835
In base 2, what is 11101011000000111001 + 1011?
11101011000001000100
In base 11, what is 519a93 - 5?
519a89
In bas